me factors of z.
3, 11
Suppose -4*y = -2*y - 4. Suppose 4*v + 4 = 0, -y*h = -0*h + v - 51. List the prime factors of h.
2, 13
What are the prime factors of 91 + -2 + 5 + -3 + -2?
89
Suppose 3 = -2*f + 13. Let k(u) = -u**3 + 4*u**2 + 5*u + 7. List the prime factors of k(f).
7
Suppose 0 = 4*y - y - 90. Suppose -4*l = -10 - y. What are the prime factors of l?
2, 5
Let t be (-1)/(3 - 2) - -4. Let u = 5 - t. Suppose -3*p - u*p + 70 = 0. List the prime factors of p.
2, 7
Let k(z) = -6*z - 2 - z**2 - 3*z + 2. List the prime factors of k(-7).
2, 7
Suppose 7 + 5 = 2*n. Let d be 4/(-8) + 14/4. Suppose 0 = -g + d*g - n. List the prime factors of g.
3
Suppose 0*f + 4*f - 171 = 3*l, 0 = -5*l - 5. Suppose g = 4*g + 4*o - 34, 0 = -4*g - 2*o + f. List the prime factors of g.
2, 5
List the prime factors of 8/44 - (-2940)/44.
67
Let b(k) = -k**3 + 8*k**2 + 3*k - 4. Let h be b(7). Let z = h - 22. Suppose 0 = 4*d - 0 - z. What are the prime factors of d?
11
Let t = -37 - -55. What are the prime factors of t?
2, 3
Suppose -28 = 5*z - 868. What are the prime factors of z?
2, 3, 7
Let f = 3 - 1. Let w be 66/1*f/(-4). List the prime factors of (-6)/4 + w/(-6).
2
Let x(j) = j**3 - 9*j**2 - j + 9. Let s be x(9). Suppose s*d = -4*d + 56. List the prime factors of d.
2, 7
Let s(q) = 5*q**3 + 5*q**2 - 2*q - 1. List the prime factors of s(3).
173
Let u(o) = o**3 + 8*o**2 - 2*o - 12. List the prime factors of u(-8).
2
Suppose -4*m - 20 = 0, -2*m + 15 = b + 4*b. Suppose z - 78 = -b*z. List the prime factors of z.
13
Let a(h) = -3*h - 2. Let l be 78/(-24) + 1/4. What are the prime factors of a(l)?
7
Let o(a) = -16*a + 45. List the prime factors of o(-9).
3, 7
Let j = 33 + 17. What are the prime factors of j?
2, 5
Let y(m) = m**2 + m + 3. Let d be y(-3). Suppose 5*s - 6 = -2*j, 2*j - d = -j - s. What are the prime factors of j?
3
Suppose 1408 = 222*r - 218*r. List the prime factors of r.
2, 11
Suppose -4*d + 44 + 128 = 0. List the prime factors of d.
43
Let s be 255/(-10)*(-4)/3. Suppose 2*z + z + r = 44, 4*r = 2*z - s. Suppose 2*i = 7*i - z. What are the prime factors of i?
3
Suppose 4*p - 19 = -y, -5*p - 5 = 3*y - 34. Suppose 44 = u + y*u. What are the prime factors of u?
11
Let f(b) = -2*b - 1 - b**2 - 3*b - 1 + b. Let g be f(-5). What are the prime factors of (-21)/(-3)*(-12)/g?
2, 3
Let c(n) = 2*n. Let i = 4 + -2. Let o be c(i). List the prime factors of (-2)/o + 15/6.
2
Let r(h) be the second derivative of 1/6*h**3 + 0 - 1/6*h**4 + 0*h**2 + 13/20*h**5 + h. List the prime factors of r(1).
2, 3
Suppose -z + 5*z = 52. List the prime factors of z.
13
Suppose 5*d - z = 941, 5*d = -z + 1051 - 102. List the prime factors of d.
3, 7
Let g = 2 - 0. Suppose -n + g*n = -4, -5*p + 53 = -2*n. What are the prime factors of p?
3
Let n(s) = 2 + 1 + 3 + s**3 - s**2. Let r(u) = -u**2 - 9*u + 10. Let q be r(-10). List the prime factors of n(q).
2, 3
Suppose -l - 3*t + 2*t = -5, 4*l - 2*t - 20 = 0. What are the prime factors of (-34)/(-5) + 1/l?
7
Suppose 5*d + 3 = 4*z - 0*d, 4*d - 20 = 0. Let f(w) = -w**2 + 9*w. What are the prime factors of f(z)?
2, 7
Suppose 3*q + 4*b + 7 - 23 = 0, 5*q - 4*b = 16. Let h(r) = r**2 - 2*r - 2. Let g(m) = -m - 1. Let n(o) = -2*g(o) - h(o). What are the prime factors of n(q)?
2
Let x(y) = y**2 - y - 14. List the prime factors of x(6).
2
Let h = -8 - -2. Let w(u) = -3*u + 10. List the prime factors of w(h).
2, 7
Let r(t) = -t**3 + 4*t**2 - 4*t. Let x be r(3). Let p = -2 + 1. List the prime factors of (-2)/1 - (p + x).
2
Suppose 20*f - 23*f + 249 = 0. What are the prime factors of f?
83
Let j(q) = q**2 + 3*q + 6. Let n be j(-5). What are the prime factors of 3 - (0 - -2 - n)?
17
What are the prime factors of (((-286)/(-6))/1)/(4/12)?
11, 13
Suppose -27 = 5*w - 102. List the prime factors of w.
3, 5
Let v be -1*-1*(3 + 30). Suppose 5*g + v = 113. List the prime factors of g.
2
Suppose 2*t = 59 + 11. What are the prime factors of t?
5, 7
Let t be (20/(-15))/((-2)/3). Let k = t - -14. List the prime factors of k.
2
Let l = 91 + -50. What are the prime factors of l?
41
Suppose -5*z - h = 0, -2*h = 4*z - 0 - 6. Let b(g) = g**3 + 4*g**2 - 9*g - 3. Let k be b(-6). What are the prime factors of z/(-2) - k/14?
2
Let k = 12 - 9. Suppose -k*q + 0*q = -54. What are the prime factors of q?
2, 3
Suppose 2*p + 166 = -5*j + 1194, -3*j - 2*p + 620 = 0. What are the prime factors of j?
2, 3, 17
Let n(p) = -p**3 + 12*p**2 - 7*p + 6. List the prime factors of n(11).
2, 5
Let a(m) = -m**2 - 5*m + 3. Let n be (-8)/(-12)*(-7 - -1). What are the prime factors of a(n)?
7
Let f = 10 - 4. Suppose f*d = 4*d. Suppose -4*u + 24 = -d*u. List the prime factors of u.
2, 3
Let k = 7 + -3. Suppose -k*b = b - 65. What are the prime factors of b?
13
Suppose 8 = b - 2. Let i be (-24)/b*(-20)/3. Suppose 5*t - 5*l - 20 = 0, -2*t + t - i = -5*l. List the prime factors of t.
3
Let m = -12 - -14. List the prime factors of m.
2
Let u(j) = 6*j + 2. Let t(f) = 3*f + 1. Let r(m) = -5*t(m) + 2*u(m). List the prime factors of r(-4).
11
Let h(v) = -92*v**3 + 2*v**2 - v - 2. What are the prime factors of h(-1)?
3, 31
Suppose -a - 8 = 5*x + a, -x + 4*a + 16 = 0. Suppose 5*r = 10 - x. What are the prime factors of r?
2
Let r = -184 + 360. List the prime factors of r.
2, 11
Let a = 26 + -18. Let j(t) = t**2 - 8*t + 7. Let c be j(a). Let f = 10 - c. List the prime factors of f.
3
Let g(x) = -14*x + 14*x + x**2 - 1. What are the prime factors of g(2)?
3
Suppose 4*h = -0*h - 8. What are the prime factors of ((-7 - h) + -1)/(-2)?
3
Suppose -12 = -5*w + 2*w. Suppose 4*g + 0*g - 4*m - 20 = 0, w*g = -5*m + 29. Let u = 12 - g. List the prime factors of u.
2, 3
Suppose -p + 6 = -0*p. Suppose -4*w + 2*i + 8 = -p, -2*i - 8 = -w. Suppose w*n = 7 - 1. List the prime factors of n.
3
Let o(w) = w**3 + 9*w**2 - 2. Let f be o(-9). Suppose -2*h = q - 8, 0 = -3*q + 4*h + 37 + 7. List the prime factors of f/8 - (-255)/q.
3, 7
Suppose -18 + 5 = u. Let q be 1 + -6 - 1*-1. Let p = q - u. What are the prime factors of p?
3
Let a(b) = -b + 13. Let l be a(7). Let y(q) = q**2 + q. Let u be y(0). Suppose 3*j - l = -u*j. List the prime factors of j.
2
Suppose u = -r + 11, -17 = -4*u + 5*r - 0*r. What are the prime factors of (u/(-12))/((-6)/351)?
3, 13
Let k = 27 + -20. List the prime factors of k.
7
Let x = 5 - 2. Suppose -w - 16 = -2*i - x*w, -5*i + 4*w = -4. What are the prime factors of i?
2
Let l(c) be the third derivative of c**5/60 + 11*c**4/24 + c**3/3 + 2*c**2. Suppose 0*z = 3*z + 36. What are the prime factors of l(z)?
2, 7
Suppose 0 = 7*b + 472 - 1319. What are the prime factors of b?
11
Suppose 980 = 5*w - 0*w - 5*o, 0 = 2*o. What are the prime factors of (-1)/4 + w/16?
2, 3
What are the prime factors of ((-20)/30)/((-2)/102*1)?
2, 17
Let y = -35 + 64. List the prime factors of y.
29
Suppose 3*t = 6*t - 90. What are the prime factors of t?
2, 3, 5
Suppose -2 + 8 = a. Suppose -2*r + 20 = -a. What are the prime factors of r?
13
Let x(t) = -9*t. Let n(v) = 5*v. Let r(s) = 7*n(s) + 4*x(s). Suppose 5*g = -p + 4*g, 4*p - g + 25 = 0. List the prime factors of r(p).
5
Suppose -4*c - 188 = -2*w, -w - 362 = -5*w + c. Suppose -3*b = m - 0*m - 47, w = 5*b + 4*m. What are the prime factors of b?
2, 7
Let m be 21/6*12/21. Suppose -3*u = -3*g + 60, -3*u - u = -m*g + 48. List the prime factors of g.
2
Let l = -62 - -249. What are the prime factors of l?
11, 17
List the prime factors of 44 + 5 + 1 + -3.
47
Let c = 35 + -8. Suppose -4*t + 11 = c. List the prime factors of (t/6)/((-2)/21).
7
Let n = 34 - 19. Let q = n + -1. List the prime factors of q.
2, 7
Let c = 12 + -1. Suppose l + 0*s - 3*s = -c, 2*s - 26 = -4*l. What are the prime factors of 10/l*16/5?
2
Let r(g) = 4*g - 24. What are the prime factors of r(9)?
2, 3
Let q be (-2 - (-4)/3)*-3. Suppose 3*x - 3*l - 33 = 0, q*x + 4*l - 3*l - 37 = 0. List the prime factors of x.
2
Suppose -185 = -3*s + c, 23 + 222 = 4*s - c. Suppose -2*a - 2*a + s = 0. Suppose -k - 6*q + 18 = -4*q, 2*k = 3*q + a. What are the prime factors of k?
2, 3
Let a be ((-22)/4)/((-3)/(-6)). Let i = a - -16. List the prime factors of i.
5
Suppose 95 = 3*j - 100. Suppose 4*f - 215 = j. Suppose -5*x + l + f = -l, 2*x = 2*l + 28. What are the prime factors of x?
2, 7
Let x be (17 - 0) + 12/6. Let b = x - 12. What are the pr